n 142846 is divided by 34548.
4654
What is the remainder when 1905320 is divided by 136091?
46
What is the remainder when 3495484 is divided by 1465?
1459
Calculate the remainder when 1864726 is divided by 538.
18
Calculate the remainder when 676863 is divided by 172.
43
Calculate the remainder when 1493524 is divided by 298681.
119
What is the remainder when 246835 is divided by 148?
119
Calculate the remainder when 139744 is divided by 430.
424
What is the remainder when 3836352 is divided by 22048?
0
What is the remainder when 490727 is divided by 244805?
1117
Calculate the remainder when 806664 is divided by 51.
48
Calculate the remainder when 6151145 is divided by 59.
41
Calculate the remainder when 11555023 is divided by 256.
207
What is the remainder when 12204201 is divided by 22393?
16
Calculate the remainder when 8051439 is divided by 563.
539
What is the remainder when 3556787 is divided by 732?
731
What is the remainder when 2246674 is divided by 1266?
790
Calculate the remainder when 64477 is divided by 64038.
439
What is the remainder when 218555 is divided by 164?
107
What is the remainder when 77614 is divided by 2926?
1538
Calculate the remainder when 1408769 is divided by 34359.
50
What is the remainder when 4449343 is divided by 2700?
2443
Calculate the remainder when 849107 is divided by 118.
97
What is the remainder when 80360362 is divided by 1335?
37
Calculate the remainder when 4160779 is divided by 1386888.
115
Calculate the remainder when 2084986898 is divided by 59.
58
Calculate the remainder when 1184549 is divided by 592273.
3
What is the remainder when 1985353 is divided by 3506?
957
Calculate the remainder when 5794 is divided by 371.
229
What is the remainder when 84629473 is divided by 1666?
5
What is the remainder when 4460366 is divided by 51?
8
What is the remainder when 114956 is divided by 37813?
1517
What is the remainder when 24493 is divided by 531?
67
Calculate the remainder when 32465282 is divided by 3552.
2
Calculate the remainder when 1497948 is divided by 11348.
12
Calculate the remainder when 2037385 is divided by 30.
25
What is the remainder when 38175234 is divided by 44?
42
What is the remainder when 10768496 is divided by 828345?
11
What is the remainder when 947496 is divided by 6042?
4944
What is the remainder when 284343523 is divided by 1707?
1705
Calculate the remainder when 67798602 is divided by 15.
12
Calculate the remainder when 172197 is divided by 178.
71
Calculate the remainder when 1097949 is divided by 137239.
37
What is the remainder when 205189 is divided by 164?
25
Calculate the remainder when 81169 is divided by 402.
367
Calculate the remainder when 553112 is divided by 183585.
2357
Calculate the remainder when 9059638 is divided by 20.
18
What is the remainder when 2815701 is divided by 3207?
3162
Calculate the remainder when 107663066 is divided by 88.
82
What is the remainder when 237605 is divided by 118794?
17
Calculate the remainder when 327439 is divided by 1879.
493
What is the remainder when 1302154 is divided by 12?
10
Calculate the remainder when 14256 is divided by 2925.
2556
What is the remainder when 4626503 is divided by 4626453?
50
Calculate the remainder when 2965765 is divided by 423677.
26
Calculate the remainder when 64961937 is divided by 61.
48
Calculate the remainder when 11878789 is divided by 176.
21
What is the remainder when 191996 is divided by 27363?
455
What is the remainder when 248013776 is divided by 298?
296
Calculate the remainder when 596597 is divided by 152.
149
Calculate the remainder when 1464836 is divided by 396.
32
Calculate the remainder when 150747 is divided by 9158.
4219
What is the remainder when 1916892 is divided by 287?
19
What is the remainder when 334401273 is divided by 66?
63
What is the remainder when 654194 is divided by 326905?
384
What is the remainder when 64788 is divided by 953?
937
What is the remainder when 794601 is divided by 23?
20
What is the remainder when 802969 is divided by 1062?
97
Calculate the remainder when 2968078 is divided by 48.
46
Calculate the remainder when 202786 is divided by 6010.
4456
What is the remainder when 7628 is divided by 9?
5
Calculate the remainder when 10940392 is divided by 144.
136
What is the remainder when 1101707 is divided by 639?
71
What is the remainder when 16437792 is divided by 1117?
20
Calculate the remainder when 105551732 is divided by 7036780.
32
What is the remainder when 274940 is divided by 5090?
80
Calculate the remainder when 108474 is divided by 33595.
7689
What is the remainder when 627136 is divided by 104521?
10
What is the remainder when 5028702 is divided by 3110?
2942
What is the remainder when 15895164 is divided by 64?
60
Calculate the remainder when 982245798 is divided by 40.
38
Calculate the remainder when 566017 is divided by 162.
151
Calculate the remainder when 18971756 is divided by 203.
188
What is the remainder when 5311322 is divided by 840?
2
What is the remainder when 401098470 is divided by 4646?
4644
Calculate the remainder when 87959 is divided by 4392.
119
Calculate the remainder when 310991244 is divided by 381.
375
Calculate the remainder when 7158418 is divided by 16494.
22
Calculate the remainder when 12208419 is divided by 580.
579
What is the remainder when 23610814 is divided by 278?
274
Calculate the remainder when 80215 is divided by 4644.
1267
What is the remainder when 510244437 is divided by 60?
57
Calculate the remainder when 11804948 is divided by 297.
89
What is the remainder when 1189197 is divided by 594593?
11
What is the remainder when 722892 is divided by 254?
8
What is the remainder when 616883 is divided by 1268?
635
Calculate the remainder when 2169980 is divided by 1584.
1484
What is the remainder when 457903 is divided by 410?
343
What is the remainder when 988012 is divided by 5954?
5602
Calculate the remainder when 226903 is divided by 201.
175
What is the remainder when 371238890 is divided by 17?
13
Calculate the remainder when 160846083 is divided by 4.
3
What is the remainder when 16181050 is divided by 181?
12
Calculate the remainder when 573849 is divided by 239.
10
Calculate the remainder when 47244926 is divided by 242.
234
What is the remainder when 727417 is divided by 103892?
173
What is the remainder when 20196 is divided by 1185?
51
Calculate the remainder when 3026739 is divided by 629.
620
Calculate the remainder when 158566704 is divided by 462.
450
What is the remainder when 212914 is divided by 265?
119
What is the remainder when 835873 is divided by 846?
25
What is the remainder when 137293 is divided by 1289?
659
What is the remainder when 937057 is divided by 13579?
106
Calculate the remainder when 43840547 is divided by 61.
30
What is the remainder when 8793127 is divided by 6875?
2
Calculate the remainder when 1301937 is divided by 389.
343
Calculate the remainder when 39282 is divided by 31.
5
Calculate the remainder when 2918898 is divided by 486465.
108
What is the remainder when 372500 is divided by 576?
404
Calculate the remainder when 1360818 is divided by 4646.
4186
What is the remainder when 565490 is divided by 366?
20
What is the remainder when 38154786 is divided by 2212?
2210
Calculate the remainder when 1511381 is divided by 16.
5
What is the remainder when 178995 is divided by 22346?
227
Calculate the remainder when 52375 is divided by 583.
488
What is the remainder when 147078243 is divided by 283?
30
Calculate the remainder when 938994 is divided by 44714.
0
Calculate the remainder when 187899088 is divided by 31.
28
What is the remainder when 164593 is divided by 114?
91
Calculate the remainder when 16699200 is divided by 1391599.
12
What is the remainder when 52906 is divided by 3492?
526
Calculate the remainder when 990904 is divided by 41264.
568
Calculate the remainder when 181322 is divided by 870.
362
What is the remainder when 59100 is divided by 2729?
1791
What is the remainder when 740657 is divided by 29626?
7
What is the remainder when 186814910 is divided by 1574?
1572
What is the remainder when 1003996 is divided by 993?
73
Calculate the remainder when 15045638 is divided by 7.
6
Calculate the remainder when 229087 is divided by 1916.
1083
What is the